173 + (-1 - -80)?
-30
(-448 - -442) + 0 + -3 + 32
23
What is -4 + -2 + (-5 - -27) - 0?
16
Evaluate 4 - 37 - -23 - -19.
9
Evaluate -59 - (66 + -52 + -188).
115
Evaluate -32 + (-11 - (17 + -6 + -3 - 28)).
-23
Evaluate (3 + -1 - -1) + (-42 + -14 + -2 - -11).
-44
What is -28 + 65 + (-5 - -24 - 17)?
39
Calculate -2 - ((-1 + -21 - -28) + 13).
-21
Evaluate (14 - (62 + 2 + 131 + -125)) + 6.
-50
-42 + -23 + 38 + 90
63
Calculate 61 + -87 - ((-6 - -7) + -5).
-22
Calculate (-5 - 0) + -27 + -6 + 18 + -62 + 0.
-82
Evaluate -65 - (-3 - (1 - 0) - (10 + 20 + -42)).
-73
Evaluate 30 + 37 + -53 + (-11 - -1) - -31.
35
-17 + 3 + -11 + (-628 - -579)
-74
What is the value of -20 + -19 + 90 + -2 + -18?
31
What is the value of 19 + -44 - (-24 - 33)?
32
Calculate 3 + -13 + 0 - (-2 - 25 - 4).
21
48 - 42 - (-24 + -4 - 12)
46
What is 213 - 211 - (2 - -27) - -4?
-23
Calculate -1 + -16 + 1 + -18213 + 18253.
24
-18 - -10 - (-43 + (-28 - -72))
-9
What is the value of (15 - -55 - 36) + -35 + -1 + -10?
-12
-17 + 36 + 8 + (60 - 2)
85
What is the value of -3 + (-12 - -7) + -9 - -2?
-15
Evaluate -2 - (2 - -41) - (-1419 - -1441).
-67
What is the value of -5 - (-3 + 6) - (-4817 + 4811)?
-2
What is (24 - 10 - 68) + 21 + -10?
-43
Evaluate -18 + (54 + -29 - 6).
1
Calculate -10 + -1 + 7 + 36 + -6 + -29 + -24.
-27
Evaluate -9 - -144 - (32 + -13 + 16).
100
What is the value of -5 + 43 + -26 - -8 - 7?
13
(364 - 268) + 70 + -215
-49
Evaluate -90 + 121 + -43 + (2 + -2 - -66).
54
Calculate -6 - (3 + -1) - (-325 - (412 + -623)).
106
What is -2 - -9 - (17 - 58 - (29 - 57))?
20
What is (-17 + 40 - -70) + 10 + -49?
54
What is the value of 97 - 136 - (-60 - -43 - (0 - 1))?
-23
What is 9 - (34 - (-9 + 17 + 26))?
9
What is 3 - -1 - (-1 + -17 + 64 + -54 + 39)?
-27
What is -25 - -84 - -48 - 39?
68
Calculate (1 - (-2 + 7)) + -34 + 6 - (42 - 51).
-23
What is the value of 1015 + -1149 + (-7 - -118)?
-23
What is the value of 0 + 12 + (113 - (32 + -20 - -39))?
74
Calculate -17 - (-21 + (54 - 16)).
-34
What is the value of 65 + -29 + 55 + 4 + -20?
75
47 + 0 - ((14 - 2) + 592 + -619)
62
(21 - 17 - -31) + 4 + -44
-5
Calculate (-38 - (-22 - 6)) + (0 - -22).
12
(72 - -1) + -122 + (181 - 67)
65
Evaluate (7 - -1 - 2) + (-22 - -7) - 40.
-49
What is the value of (-7 - (50 + -12)) + -12?
-57
What is the value of 0 + (10 - 1) + -11281 + 11259?
-13
Calculate (-6 - -140) + 79 + -23 + -98.
92
100 + (-161 - -29) - -94
62
Evaluate 9 - (-6 + (-4 - -7 - -3)) - 56.
-47
(-1 - 1 - -10) + -20 + 24 + (21 - 18)
15
8236 + -8277 - (-1 - 115)
75
What is the value of (-18 - -8 - -15) + -30 + 59?
34
Calculate -67 - (111 - 161) - 45.
-62
What is the value of -98 - (88 + (-167 - -37))?
-56
What is the value of 7 - ((-1 - (-2 - -9)) + -26 + 11 - -9)?
21
What is (53 - 49) + -18 - (-63 + 4)?
45
What is (20 - 1 - (-151 + 137)) + (-6 - 13)?
14
What is the value of -2 - (-43 + 1 + -10 + (17 - (-14 - -23)))?
42
What is the value of ((5 - -13) + -57 - -14) + -101?
-126
-22 - (-26 + (4 - 3)) - (4 - 0)
-1
What is (-2 - (17 + 6)) + (-16 - -19)?
-22
Calculate (108 - 96) + (-78 - (0 + -1 + 0)).
-65
What is the value of -4 + (23 - 53) + -19 + 13?
-40
What is (2 + -2 - -16) + (-124 + 26 - -35)?
-47
What is the value of -66 + 0 + (157 - 90 - 33)?
-32
Calculate 166 - 3 - (256 + -138).
45
What is the value of 6 - (10 - (5 + 0) - (-9 - -9))?
1
Calculate (-1 - (-7 + 3)) + -50 + -164 + -68 + 241.
-38
Calculate -46 + 0 + -929 + 962 + -78.
-91
What is -7 - (26 - (-17 - (5 + -27)))?
-28
Calculate 94 + -133 - (-30 + -6).
-3
What is the value of -1 + 10 + -1 - (-3484 + 3499) - (-1 + -66)?
60
(3 - 42) + (-11 - (8 + 1)) + 6
-53
Calculate -13 + (-22 - (-10 - 0 - -11)).
-36
What is the value of 7 + (20 - (84 - (15 + 11)))?
-31
Evaluate 75 - (-10 + -31 + 179).
-63
13 - (19 + -27 - (6 - -5 - 26) - 15)
21
Calculate -20 + 7 + (-11 - -23) + 13.
12
9 + ((-19 - -23) + 7 + -4 + 7 - 8)
15
What is the value of -63 - 0 - ((-50 + 20 - -3) + 12)?
-48
What is (-34 - -18 - -3) + -10 - -11?
-12
What is the value of (1 - (-56 - 1)) + (-4 - (9 - (-1 + 7)))?
51
Calculate 2 - (40 + (5 - (12 + 1)) + (3 - -1)).
-34
What is the value of 55 + (1 - (6 + 12) - (20 + -23))?
41
Evaluate -59 + -36 - (-16 - -7) - (1 - -3).
-90
What is the value of (-5 + 0 - -12) + 32 - -1 - (16 - 15)?
39
What is -37 + -10 - 21 - -6 - 16?
-78
What is (71 - 91 - -87) + -18?
49
What is -6 + (4 - -7) + -5 + -14 - 3?
-17
What is -62 - (-33 + -32 + 15 + 28)?
-40
Evaluate 21 - (18 + -51 - -15 - -30).
9
-3130 + 3190 - (-28 + 2)
86
Evaluate 46 + (-5 - 63) - -99.
77
-32 + 12 - -21 - 65
-64
What is the value of 14 - (-95 - -58) - 101?
-50
What is the value of (-17 - ((-18 - (-4 + -1)) + 10) - -80) + 3?
69
Evaluate 21 + -2 + (22 + -18 - (0 - 7)).
30
Calculate -24 - (24 + -1 + 39 + -75).
-11
Evaluate -11 - (-6 - (111 - 57 - (0 + 8))).
41
Evaluate 56 - (1 - (32 + -39 + (-3 - -5 - 4))).
46
Calculate -1 + -3 - (-7 + 29 + -14) - -103.
91
What is the value of 73 + -50 + -43 + -50?
-70
Evaluate -53 + -1 + -61 + 116 + -36.
-35
What is the value of -27 - (14 + -2 + 174 + -148)?
-65
What is the value of -109 - 7 - -298 - (3 + 43)?
136
What is the value of (48 + 65 - 189) + -11?
-87
Calculate 71 + (-28 - 91) + 32.
-16
Calculate 50 + (1 - (7 - -8)) + 38 + -8.
66
(12 - 2) + (-9 - -2) - 46
-43
(-11 - 1 - (-5 - 8)) + -72 + 13
-58
(20 - (-30 - -24) - -18) + 26
70
What is -9 + (3 + -61 + -5 - (5 + -15)) - 6?
-68
14 - 6 - (-165 - -210)
-37
What is 2 + 32 + (301 - 291)?
44
What is the value of (47 - 108 - -99) + 9?
47
19 + 0 - (-951 + 994)
-24
Evaluate 33 + 5 + 15 - (0 + 10 - 19).
62
Evaluate (41 - 182) + 117 - ((-4 - 22) + 4).
-2
3 - (8 + -14) - 9 - (124 + -231)
107
Evaluate -2 + -1 + (2 - 3) - ((168 - -50) + -279).
57
What is 103 + (10 - 5) + (2 - (-3 - -12))?
101
Calculate 35 - (6 - ((3 - -2) + -4 + 13 + -16)).
27
Evaluate -5 - -22 - 5 - (-7 - -49 - 68).
38
Calculate (-7 - -1 - (-8 - -9)) + 6.
-1
Calculate -18 + 13 + (-19 - 1) + 16 + -73.
-82
(-1 - -46) + -48 + 38 + 3 + 15 + -9
44
What is the value of -113 - ((-57 - -58) + -26)?
-88
Evaluate (-2 + -10 - ((76 - 43) + -33)) + -2.
-14
Evaluate -18 + (-972 - -946) + 3 + 0.
-41
Evaluate -2 - 14 - (-290 + 274) - -13.
13
Calculate 0 + -28 + (0 - -22) + 7 + -50.
-49
What is (-6 - 1) + (-29 - -52) + -31?
-15
Calculate -25 - -6 - (6 + (-15 - 7) - 94).
91
Calculate -11 - (22 + (-25 - -6 - -15)).
-29
What is the value of (46 - (-35 - (44 - 145))) + (-14 - 0)?
-34
(3 - 8) + (-71 - -91) + -1 + -11
3
Evaluate -42 - (31 - 69) - ((54 - 1) + 42 + -37).
-62
Evaluate (-14 + 73 - 17) + -9 + -8.
25
What is 76 + -156 - ((22 - (-4 - -14)) + 3)?
-95
What is 39 + 0 + -9 + (-101 - -182)?
111
What is the value of -4 + 1 + -27 + ((15 - 35) + -1 - -17)?
-34
What is 13 + -8 + 10 - (-2 + 0 + 1)?
16
Calculate -9 + (27 + -15 - 19 - (-2 - 7)) + -21.
-28
What is the value of 13 + -1 + (-24 + 31 - 4) - 7?
8
What is 7 + (52 - (9 + -14) - 8)?
56
What is 36 - 29 - (-1 - 0) - (9 - 42)?
41
Evaluate 684 + -678 - (-32 + 6).
32
Evaluate (-3 - 3) + 26 + -16 + -15 - (0 - -69).
-80
47 - ((-36 - -51 - 9) + 109)
-68
Evaluate 12 + -8 + -5 + 37 + -12 + -93.
-69
-1 - (-21 + (4 - 16) - 2 - 1)
35
Evaluate 39 - 51 - (-12 + 3 + -6).
3
What is the value of (-47 - -90 - 27) + (8 - 13)?
11
Evaluate 57 - (-17 + (14 - -6)) - 7.
47
What is 38 + (-4 - 22 - -6) + (0 - -15)?
33
Evaluate (156 - (123 + 29)) + (-1 - 59).
-56
What is the value of 13 + (-4 - -20) + -115 + 97?
11
Calculate (2 - (13 - 2)) + -160 + 212.
43
(77 - -3) + (-221 + 135 - -109)
103
What is (-13 - (-28 + 19)) + -8 + -9?
-21
What is the value of 22 + -14 + -2 + -40 - -14?
-20
Evaluate 5 + 8 + (-30 - -26) + -27 + 0.
-18
What is the value of 101 + (-179 - -88) - (30 - (0 + -1))?
-21
Evaluate (13 - (21 + -32 - -8)) + 10.
26
What is (-129 - (-25 + -8)) + -29 + (22 - 3)?
-106
Evaluate -1 + 29 - (1877 + -1905).
56
Calculate -17 + 6 - (-60 + -4 + 15).
38
Calculate 13 - 1 - (-1016 + 1015 - (-3 + -24 + -1)).
-15
Evaluate (1 - -37) + (7 - -139) + -71.
113
What is 15 - -10 - (106 - (45 + 28))?
-8
Evaluate (2 - (7 + -6)) + (452 - 472).
-19
What is 60 + (19 - (3 + 48)) + 18?
46
Calculate -35 + -39 + (7 - -25) + 137.
95
What is -3 + 0 - ((373 - 382 - (0 + 28)) + -12)?
46
What is the value of (94 - 1) + (1483 - 1551)?
25
Evaluate -6 + 4 + 28 + -58 + 41.
9
What is -5 - 2 - (44 - 1 - -21)?
-71
5 + 31